t j(w) be the first derivative of 1/3*w**3 + 5/2*w**2 - w + 4. Give j(y).
-5
Suppose j = -5*c + 8, 8*c + 4*j - 7 = 13*c. Let w(q) = -25*q**3 + q**2 + 2*q - 2. What is w(c)?
-24
Let z(l) = l**2 - l - 3. Let j(s) = 2*s**2 - 3*s - 5. Let a = 29 + -32. Let o(d) = a*j(d) + 5*z(d). Calculate o(5).
-5
Let r(i) = 3 + 1 - 7 - 2*i**2 - 2*i. Suppose -41*f - 10 = -46*f. Suppose -2*s = -3*s - 5*q - 12, 5*s = 4*q - f. What is r(s)?
-7
Suppose -8*c + 4*v - 15 = -13*c, 6 = 2*c - 3*v. Let f(s) = -s**2 + 4*s + 6. Let o be f(5). Let t(b) = -3*b - 3 + 0*b**2 + o + b**2. What is t(c)?
-2
Let i(h) = -h**2 - 7*h - 2. Let l(z) = 35*z - 112. Let d be l(3). Calculate i(d).
-2
Let x = -6 - -1. Let f be -1*(-3 - x) + 6. Let t = f - 5. Let u(q) = 2*q**3 - 2*q**2 - q. Give u(t).
-3
Let h = -838 - -832. Let s(q) = q**3 + 6*q**2 + 5*q + 2. Give s(h).
-28
Let f(x) = -90*x - 1 - 92*x - 3 - 3 + 184*x. Calculate f(-8).
-23
Let t(w) = -3*w + 9 + 0*w + 6*w + 4*w. Let k(n) = -13*n - 17. Let c(r) = 6*k(r) + 11*t(r). Give c(4).
-7
Suppose 5 = 2*g - 3*g. Let x(w) be the second derivative of -w**5/20 - w**4/3 + w**3/2 + 10*w - 1. What is x(g)?
10
Let s = -150 - -154. Suppose -r = 3*h - 13, 3*h - 2*r - 11 = -s*r. Let i(c) = c**2 - 9*c + 6. Give i(h).
-14
Let i(q) = -8*q**3 - q**2 + q + 1. Suppose 87*u - 10 = 92*u. Suppose 3*f + 2*r = 1, -14 - 9 = f - 4*r. Let z = f - u. Give i(z).
7
Let r(z) = z**2 + 4*z - 6. Suppose 4*c - 3*x - 4 + 12 = 0, -3*c = -x + 11. Calculate r(c).
-1
Suppose -35*j = -33*j - 6. Suppose j*v - v - 2 = 0. Let b(r) = 7*r - 1. What is b(v)?
6
Let a(k) be the second derivative of -k**3/6 + 2*k**2 - 68*k + 11. Let i be -4 - (0 + -2 + 1). Calculate a(i).
7
Suppose 7*r - 8*r = -8. Let g(m) = -m**2 + 1 + r*m + 12*m - 2 - 19*m. Give g(2).
-3
Suppose -5*h + 16 = 6. Let m(c) = -c**2 - c + 1. Give m(h).
-5
Let d(k) = -5*k - 4. Let t(u) = -6*u + 52. Let h be t(8). Determine d(h).
-24
Let u(l) = l**3 + 2*l**2 - 9*l - 10. Let d be u(-4). Let h be ((-4)/d)/(15/(-90)). Let v(o) = o - 4*o**2 - 2*o - 5*o**3 + 4*o**3. What is v(h)?
4
Suppose 0 = 3*b + 12, -4*g = -4*b - 2 - 14. Let q(p) = -294*p + 2 + 291*p + g. Determine q(4).
-10
Let i(g) = 13*g + 1. Let u(d) = 168*d + 14. Let w(l) = -77*i(l) + 6*u(l). What is w(-6)?
-35
Let o(v) = -v**2 - 2*v. Let g be o(2). Let p(t) = -t**2 - 7*t + 1. Determine p(g).
-7
Let g(a) = -18 + 0*a - 4*a + 11 + 18. Give g(7).
-17
Let m(r) = r**2 - 8*r + 5. Suppose 4*x + x = -5*v + 240, -4*x - 184 = -4*v. Let k = 52 - v. Calculate m(k).
-10
Let h(j) be the first derivative of -j**4/2 - j**3/3 + 5*j**2/2 + 2*j - 294. Give h(-2).
4
Suppose -5 = 3*b - 4*r - 17, 0 = -5*r - 15. Let l(d) = -d**3 + d - 8. Give l(b).
-8
Let p(w) = w**2 - 8*w - 1. Let v = 14 + -38. Let m be ((-5)/((-75)/v))/((-2)/10). Determine p(m).
-1
Let x = -5 + 1. Let v(q) = 8*q**2 - 3*q + 23. Let s(i) be the first derivative of i**3 - i**2/2 + 8*i + 12. Let g(a) = 11*s(a) - 4*v(a). Give g(x).
8
Let o be 27/3*-1*-1. Suppose 0 = k - 3*f + 6*f - 3, k + 5*f = o. Let w(g) = -80*g**2 + 6*g - 1 + 81*g**2 + 4 - 4. Give w(k).
-1
Suppose -14*c + 10*c + 5*w = 56, 3*c + 3*w + 69 = 0. Let r(p) = p**3 + 18*p**2 - 19*p - 8. Calculate r(c).
-8
Let b(a) = -a**3 - 5*a**2 + 5*a + 1. Let g(j) = 2*j**2 + 6*j + 1. Let d be g(-3). Suppose -l + d = 0, -5*h + 3*l + 132 = -0*l. Let o = 21 - h. Determine b(o).
7
Let f(d) = d**2 + 9*d - 5. Suppose -4*t = 5*x + 44, -2*x - 69 + 37 = 4*t. Calculate f(t).
-23
Let y(l) be the second derivative of 2*l**5/15 - l**4/24 + 19*l**2/2 + 3*l. Let t(u) be the first derivative of y(u). Determine t(-1).
9
Let d(i) = -2*i + 4 - 7 - 1 - 4*i - i**2. What is d(-3)?
5
Let b(w) = w + 3. Let d(s) = -s - 2. Let u(l) = 3*b(l) + 4*d(l). Let f be (7 + 186/(-24))*(-4)/1. Determine u(f).
-2
Let t(a) = a**2 - 3*a + 3. Let n = 288 - 284. Determine t(n).
7
Let f(b) be the third derivative of -b**4/8 + 2*b**3/3 - 3*b**2. Let q = -699 + 702. Calculate f(q).
-5
Let m(w) = -14*w + 20. Let f(n) = 5*n - 6. Let q(o) = 7*f(o) + 2*m(o). What is q(-2)?
-16
Let d(l) = l**3 - 4*l**2 + 3*l. Let m = -43 + 47. Suppose 4*v - m = 8. Calculate d(v).
0
Let u(k) = 11*k**2 - 25*k - 35. Let w(f) = -4*f**2 + 8*f + 16. Let o(n) = -3*u(n) - 8*w(n). Determine o(7).
5
Let s be 2 - (-3 + (-8)/4). Let a(j) = 2*j**2 + 4*j + 2. Let d be a(-2). Let q(n) = n**d - 4*n - n + 8 - 4*n. Give q(s).
-6
Let k(f) = f**2 - f - 10. Let l(t) = 6*t**2 + 11*t + 11. Let z be l(-1). Determine k(z).
20
Let u be -2 - (12 + (-1 - 7)). Let o(v) = -v - 9 - v + 4. Determine o(u).
7
Let b(r) = 1 - r - 3*r**2 + 4*r**2 - 5 - r**3 + 0*r**3 - 6. Let a be 2 + -4 + 1 - -1. Give b(a).
-10
Let h(q) = 5*q + 6*q**2 - 3 - 351*q**3 - 5*q + 352*q**3. Let f be 31/(-5) - (-4)/20. What is h(f)?
-3
Suppose 4*z + 44 = b + 73, 4*z + 2*b = 14. Let i(p) = -p**2 + 4*p + 24. Determine i(z).
12
Let b(q) = q + 16. Let u(t) be the second derivative of -t**5/20 - t**4/2 - 3*t**3/2 - 6*t**2 - 16*t. Let x be u(-4). What is b(x)?
8
Let x(o) = -3*o + 10. Suppose -168 = -6*i - 144. Determine x(i).
-2
Let a(j) = 1 + 10*j**3 + 18*j**2 - 7*j**2 - 12*j**2. Calculate a(-1).
-10
Let c(a) be the second derivative of a**5/20 - 2*a**4/3 + a**3/6 - a**2/2 + 2*a. Suppose -4*g + 36 = 33*v - 29*v, -2*v - 5*g = -21. What is c(v)?
7
Let x(h) = h**2 + 4*h - 4. Suppose 3*m = -t + 3*t - 49, 0 = -t + 3*m + 17. Suppose 3*w + t = -0*z - 5*z, 4 = 2*z - 3*w. Give x(z).
-4
Let d be (-13)/(-39) + (-14)/6. Let p(x) = 9*x**3 + 13*x**2 + 15*x + 6. Let k(g) = -4*g**3 - 6*g**2 - 7*g - 3. Let n(q) = -7*k(q) - 3*p(q). Give n(d).
-1
Let i(g) = g**2 - 4*g - 5. Let t = -40 + 12. Let o be (-3)/(-2)*t/(-6). What is i(o)?
16
Let y = 286 - 282. Let o(b) = b**2 - b + 1. Determine o(y).
13
Let c(u) = -117*u - 15 - 6 + 51 + 113*u. What is c(4)?
14
Suppose 3*r = -5*w - 37, 2*w = -w - 5*r - 35. Let z = 5 + -4. Let k(j) = -1 - z - 3*j - 2 + 0*j. What is k(w)?
11
Let c(m) = -504*m + 503*m - 6 + 9. What is c(8)?
-5
Let j(s) = s. Let l be (-16)/(-2) + 40/20. What is j(l)?
10
Let j = -904 + 901. Let x(k) = -5*k - 1 - k**2 + 1. Calculate x(j).
6
Let f(p) = -9*p + 32*p**3 - 1 + 10*p**2 - 5 - 70*p**3 + 37*p**3. What is f(9)?
-6
Let u(s) = -s**3 + 4*s**2 + 2*s + 7. Suppose 15 = 3*p + 2*f, 62*p + 4*f = 64*p + 6. Calculate u(p).
22
Let p(g) = g**3 - 9*g**2 + 7*g + 1. Let m be (4/5)/(7/70). What is p(m)?
-7
Let v(o) = -o**3 - 3*o**2 + 3*o - 2. Suppose -4 - 6 = 5*b. Let m be (4/4 - -1) + b. Suppose m*t + 12 = -3*t. Give v(t).
2
Let w(j) be the first derivative of j**3/3 - j**2/2 + 2*j - 60. Let t = -54 - -51. Give w(t).
14
Let x(h) = -h. Let j(y) = -y**2 - 2*y + 1. Let r be j(-2). Let c(w) = -3*w - 4. Let b(m) = r*c(m) - 4*x(m). Let t be 2 - 3 - (-2 + -2). Calculate b(t).
-1
Let m(t) = 3*t**2 + 2*t - 2. Let o be m(-2). Let n = 19 + -17. Let j(u) = -9*u + 14*u + u**n - 11*u - 6. Give j(o).
-6
Let d(z) = 14*z - 2. Let w(v) = -4*v**3 - 7*v**2 - 16*v - 10. Let i be w(-1). Give d(i).
40
Let d(q) = 5*q**2 + q. Let i(k) be the first derivative of k**2/2 + 10*k + 11. Let l be i(-9). What is d(l)?
6
Let g(s) = s**2 + 25*s - 47. Let c be g(-27). Let f(o) = 4*o - 2. Let p(v) = 3*v - 3. Let d(l) = 2*f(l) - 3*p(l). Calculate d(c).
-2
Let f(x) be the first derivative of -6*x + 2*x**3 + 2 - 2*x**2 - 1/4*x**4. Give f(5).
-1
Suppose 0 = -3*i - 5*s + s - 49, 2 = -2*s. Let h = i + 18. Let x(w) = -4. Let p(a) = a. Let q(o) = 2*p(o) - x(o). Give q(h).
10
Let i(g) be the second derivative of -g**4/6 - 3*g**3/2 + 5*g**2 - 348*g. Determine i(-7).
-25
Let t(g) be the third derivative of 0 + 0*g - 3*g**2 - 1/24*g**4 + 1/3*g**3. Suppose 0 = -3*o - 2*n - 3*n + 13, -3*n + 9 = 2*o. Determine t(o).
-4
Let v(d) = -2*d**2 - 9*d - 20. Let f(t) = t**2 + 4*t + 11. Let l(x) = 5*f(x) + 3*v(x). Determine l(-6).
1
Let l be (-85)/(-4) + 4/(-16). Let f(r) = r**3 - 20*r**2 - 21*r - 6. Determine f(l).
-6
Let w = -164 - -160. Let o(n) = -2*n**2 + 3*n - 9*n - 9 + 3. Calculate o(w).
-14
Let x(m) = -m**2 - m - 1. Suppose 4*h = -19 + 27. Suppose 4*t + h*v - 6 = 0, 2*t - v - 11 = -3*t. Calculate x(t).
-7
Let l(g) be the third derivative of -g**6/360 + g**5/20 - 3*g**4/8 + 13*g**2. Let k(a) be the second derivative of l(a). Calculate k(4).
-2
Suppose 14 = 4*z + 6. Let q(b) = -2*b**z + 189*b - 189*b. Give q(-2).
-8
Suppose 2 = 4*s + t, s - 1 = -t - 2. Suppose o - 28 = -2*i - 3*o, 0 = 4*i - 